{"id":4999,"date":"2024-04-23T14:29:14","date_gmt":"2024-04-23T14:29:14","guid":{"rendered":"https:\/\/mariaperfecta.com\/?post_type=product&#038;p=4999"},"modified":"2026-04-21T15:25:23","modified_gmt":"2026-04-21T15:25:23","slug":"panoleta-ilustrada-universo-by-maria-perfecta","status":"publish","type":"product","link":"https:\/\/mariaperfecta.com\/index.php\/producto\/panoleta-ilustrada-universo-by-maria-perfecta\/","title":{"rendered":"AGOTADA Pa\u00f1oleta Ilustrada Universo by Maria Perfecta"},"content":{"rendered":"<p>Pa\u00f1oleta Ilustrada Universo. <span style=\"font-weight: 400;\">\u00bfTe ha pasado que algunos d\u00edas no sabes qu\u00e9 ponerte? Esta pa\u00f1oleta en tonos violetas intensos ser\u00e1 la encargada de darle a un outfit b\u00e1sico, un toque de color y estilo. (\u00faltimas existencias) \u00a1Es el momento para consentirte!<\/span><\/p>\n<p>&nbsp;<\/p>\n","protected":false},"excerpt":{"rendered":"<p>Pa\u00f1oleta en sat\u00edn licrado. De 80 c.m por 80 c.m. En tonos violetas y azules y dise\u00f1o con dise\u00f1o de universo (\u00faltimas existencias). El precio del producto no incluye costos de env\u00edo. Una vez hagas tu pago, nos comunicaremos contigo para coordinar la entrega y precio de tu env\u00edo.<\/p>\n","protected":false},"featured_media":2545,"comment_status":"closed","ping_status":"closed","template":"","meta":{"ocean_post_layout":"full-width","ocean_both_sidebars_style":"","ocean_both_sidebars_content_width":0,"ocean_both_sidebars_sidebars_width":0,"ocean_sidebar":"0","ocean_second_sidebar":"0","ocean_disable_margins":"enable","ocean_add_body_class":"","ocean_shortcode_before_top_bar":"","ocean_shortcode_after_top_bar":"","ocean_shortcode_before_header":"","ocean_shortcode_after_header":"","ocean_has_shortcode":"","ocean_shortcode_after_title":"","ocean_shortcode_before_footer_widgets":"","ocean_shortcode_after_footer_widgets":"","ocean_shortcode_before_footer_bottom":"","ocean_shortcode_after_footer_bottom":"","ocean_display_top_bar":"default","ocean_display_header":"default","ocean_header_style":"","ocean_center_header_left_menu":"0","ocean_custom_header_template":"0","ocean_custom_logo":0,"ocean_custom_retina_logo":0,"ocean_custom_logo_max_width":0,"ocean_custom_logo_tablet_max_width":0,"ocean_custom_logo_mobile_max_width":0,"ocean_custom_logo_max_height":0,"ocean_custom_logo_tablet_max_height":0,"ocean_custom_logo_mobile_max_height":0,"ocean_header_custom_menu":"0","ocean_menu_typo_font_family":"0","ocean_menu_typo_font_subset":"","ocean_menu_typo_font_size":0,"ocean_menu_typo_font_size_tablet":0,"ocean_menu_typo_font_size_mobile":0,"ocean_menu_typo_font_size_unit":"px","ocean_menu_typo_font_weight":"","ocean_menu_typo_font_weight_tablet":"","ocean_menu_typo_font_weight_mobile":"","ocean_menu_typo_transform":"","ocean_menu_typo_transform_tablet":"","ocean_menu_typo_transform_mobile":"","ocean_menu_typo_line_height":0,"ocean_menu_typo_line_height_tablet":0,"ocean_menu_typo_line_height_mobile":0,"ocean_menu_typo_line_height_unit":"","ocean_menu_typo_spacing":0,"ocean_menu_typo_spacing_tablet":0,"ocean_menu_typo_spacing_mobile":0,"ocean_menu_typo_spacing_unit":"","ocean_menu_link_color":"","ocean_menu_link_color_hover":"","ocean_menu_link_color_active":"","ocean_menu_link_background":"","ocean_menu_link_hover_background":"","ocean_menu_link_active_background":"","ocean_menu_social_links_bg":"","ocean_menu_social_hover_links_bg":"","ocean_menu_social_links_color":"","ocean_menu_social_hover_links_color":"","ocean_disable_title":"default","ocean_disable_heading":"default","ocean_post_title":"","ocean_post_subheading":"","ocean_post_title_style":"","ocean_post_title_background_color":"","ocean_post_title_background":0,"ocean_post_title_bg_image_position":"","ocean_post_title_bg_image_attachment":"","ocean_post_title_bg_image_repeat":"","ocean_post_title_bg_image_size":"","ocean_post_title_height":0,"ocean_post_title_bg_overlay":0.5,"ocean_post_title_bg_overlay_color":"","ocean_disable_breadcrumbs":"default","ocean_breadcrumbs_color":"","ocean_breadcrumbs_separator_color":"","ocean_breadcrumbs_links_color":"","ocean_breadcrumbs_links_hover_color":"","ocean_display_footer_widgets":"default","ocean_display_footer_bottom":"default","ocean_custom_footer_template":"0","_joinchat":{"message_text":"Hola, soy Maria Perfecta \u00bfEn qu\u00e9 puedo ayudarte?"}},"product_brand":[],"product_cat":[28],"product_tag":[63,29,30,31],"class_list":{"0":"post-4999","1":"product","2":"type-product","3":"status-publish","4":"has-post-thumbnail","6":"product_cat-panoletas","7":"product_tag-accesorios","8":"product_tag-panoletas","9":"product_tag-panuelos","10":"product_tag-pashminas","11":"entry","12":"has-media","14":"first","15":"instock","16":"taxable","17":"shipping-taxable","18":"purchasable","19":"product-type-simple"},"yoast_head":"<!-- This site is optimized with the Yoast SEO plugin v27.5 - https:\/\/yoast.com\/product\/yoast-seo-wordpress\/ -->\n<title>AGOTADA Pa\u00f1oleta Ilustrada Universo by Maria Perfecta - Maria Perfecta<\/title>\n<meta name=\"description\" content=\"Pa\u00f1oleta Ilustrada Universo en sat\u00edn licrado o en chif\u00f3n. Accesorio ideal para ti que amas los colores intensos y los dise\u00f1os llamativos.\" \/>\n<meta name=\"robots\" content=\"index, follow, max-snippet:-1, max-image-preview:large, max-video-preview:-1\" \/>\n<link rel=\"canonical\" href=\"https:\/\/mariaperfecta.com\/index.php\/producto\/panoleta-ilustrada-universo-by-maria-perfecta\/\" \/>\n<meta property=\"og:locale\" content=\"es_ES\" \/>\n<meta property=\"og:type\" content=\"article\" \/>\n<meta property=\"og:title\" content=\"AGOTADA Pa\u00f1oleta Ilustrada Universo by Maria Perfecta - Maria Perfecta\" \/>\n<meta property=\"og:description\" content=\"Pa\u00f1oleta Ilustrada Universo en sat\u00edn licrado o en chif\u00f3n. Accesorio ideal para ti que amas los colores intensos y los dise\u00f1os llamativos.\" \/>\n<meta property=\"og:url\" content=\"https:\/\/mariaperfecta.com\/index.php\/producto\/panoleta-ilustrada-universo-by-maria-perfecta\/\" \/>\n<meta property=\"og:site_name\" content=\"Maria Perfecta\" \/>\n<meta property=\"article:modified_time\" content=\"2026-04-21T15:25:23+00:00\" \/>\n<meta property=\"og:image\" content=\"https:\/\/mariaperfecta.com\/wp-content\/uploads\/2023\/07\/Panoleta_Universo_chifon_produccion_MariaPerfecta_Ilustracion.jpg.jpeg\" \/>\n\t<meta property=\"og:image:width\" content=\"1333\" \/>\n\t<meta property=\"og:image:height\" content=\"913\" \/>\n\t<meta property=\"og:image:type\" content=\"image\/jpeg\" \/>\n<meta name=\"twitter:card\" content=\"summary_large_image\" \/>\n<meta name=\"twitter:label1\" content=\"Tiempo de lectura\" \/>\n\t<meta name=\"twitter:data1\" content=\"1 minuto\" \/>\n<script type=\"application\/ld+json\" class=\"yoast-schema-graph\">{\"@context\":\"https:\\\/\\\/schema.org\",\"@graph\":[{\"@type\":\"WebPage\",\"@id\":\"https:\\\/\\\/mariaperfecta.com\\\/index.php\\\/producto\\\/panoleta-ilustrada-universo-by-maria-perfecta\\\/\",\"url\":\"https:\\\/\\\/mariaperfecta.com\\\/index.php\\\/producto\\\/panoleta-ilustrada-universo-by-maria-perfecta\\\/\",\"name\":\"AGOTADA Pa\u00f1oleta Ilustrada Universo by Maria Perfecta - Maria Perfecta\",\"isPartOf\":{\"@id\":\"https:\\\/\\\/mariaperfecta.com\\\/#website\"},\"primaryImageOfPage\":{\"@id\":\"https:\\\/\\\/mariaperfecta.com\\\/index.php\\\/producto\\\/panoleta-ilustrada-universo-by-maria-perfecta\\\/#primaryimage\"},\"image\":{\"@id\":\"https:\\\/\\\/mariaperfecta.com\\\/index.php\\\/producto\\\/panoleta-ilustrada-universo-by-maria-perfecta\\\/#primaryimage\"},\"thumbnailUrl\":\"https:\\\/\\\/mariaperfecta.com\\\/wp-content\\\/uploads\\\/2023\\\/07\\\/Panoleta_Universo_chifon_produccion_MariaPerfecta_Ilustracion.jpg.jpeg\",\"datePublished\":\"2024-04-23T14:29:14+00:00\",\"dateModified\":\"2026-04-21T15:25:23+00:00\",\"description\":\"Pa\u00f1oleta Ilustrada Universo en sat\u00edn licrado o en chif\u00f3n. Accesorio ideal para ti que amas los colores intensos y los dise\u00f1os llamativos.\",\"breadcrumb\":{\"@id\":\"https:\\\/\\\/mariaperfecta.com\\\/index.php\\\/producto\\\/panoleta-ilustrada-universo-by-maria-perfecta\\\/#breadcrumb\"},\"inLanguage\":\"es\",\"potentialAction\":[{\"@type\":\"ReadAction\",\"target\":[\"https:\\\/\\\/mariaperfecta.com\\\/index.php\\\/producto\\\/panoleta-ilustrada-universo-by-maria-perfecta\\\/\"]}]},{\"@type\":\"ImageObject\",\"inLanguage\":\"es\",\"@id\":\"https:\\\/\\\/mariaperfecta.com\\\/index.php\\\/producto\\\/panoleta-ilustrada-universo-by-maria-perfecta\\\/#primaryimage\",\"url\":\"https:\\\/\\\/mariaperfecta.com\\\/wp-content\\\/uploads\\\/2023\\\/07\\\/Panoleta_Universo_chifon_produccion_MariaPerfecta_Ilustracion.jpg.jpeg\",\"contentUrl\":\"https:\\\/\\\/mariaperfecta.com\\\/wp-content\\\/uploads\\\/2023\\\/07\\\/Panoleta_Universo_chifon_produccion_MariaPerfecta_Ilustracion.jpg.jpeg\",\"width\":1333,\"height\":913},{\"@type\":\"BreadcrumbList\",\"@id\":\"https:\\\/\\\/mariaperfecta.com\\\/index.php\\\/producto\\\/panoleta-ilustrada-universo-by-maria-perfecta\\\/#breadcrumb\",\"itemListElement\":[{\"@type\":\"ListItem\",\"position\":1,\"name\":\"Portada\",\"item\":\"https:\\\/\\\/mariaperfecta.com\\\/\"},{\"@type\":\"ListItem\",\"position\":2,\"name\":\"Tienda\",\"item\":\"https:\\\/\\\/mariaperfecta.com\\\/index.php\\\/tienda\\\/\"},{\"@type\":\"ListItem\",\"position\":3,\"name\":\"AGOTADA Pa\u00f1oleta Ilustrada Universo by Maria Perfecta\"}]},{\"@type\":\"WebSite\",\"@id\":\"https:\\\/\\\/mariaperfecta.com\\\/#website\",\"url\":\"https:\\\/\\\/mariaperfecta.com\\\/\",\"name\":\"Maria Perfecta\",\"description\":\"\",\"publisher\":{\"@id\":\"https:\\\/\\\/mariaperfecta.com\\\/#organization\"},\"potentialAction\":[{\"@type\":\"SearchAction\",\"target\":{\"@type\":\"EntryPoint\",\"urlTemplate\":\"https:\\\/\\\/mariaperfecta.com\\\/?s={search_term_string}\"},\"query-input\":{\"@type\":\"PropertyValueSpecification\",\"valueRequired\":true,\"valueName\":\"search_term_string\"}}],\"inLanguage\":\"es\"},{\"@type\":\"Organization\",\"@id\":\"https:\\\/\\\/mariaperfecta.com\\\/#organization\",\"name\":\"Maria Perfecta\",\"url\":\"https:\\\/\\\/mariaperfecta.com\\\/\",\"logo\":{\"@type\":\"ImageObject\",\"inLanguage\":\"es\",\"@id\":\"https:\\\/\\\/mariaperfecta.com\\\/#\\\/schema\\\/logo\\\/image\\\/\",\"url\":\"https:\\\/\\\/mariaperfecta.com\\\/wp-content\\\/uploads\\\/2024\\\/08\\\/cropped-LOGO_MP_ABRIL_2024-removebg-preview-1-1.png\",\"contentUrl\":\"https:\\\/\\\/mariaperfecta.com\\\/wp-content\\\/uploads\\\/2024\\\/08\\\/cropped-LOGO_MP_ABRIL_2024-removebg-preview-1-1.png\",\"width\":500,\"height\":500,\"caption\":\"Maria Perfecta\"},\"image\":{\"@id\":\"https:\\\/\\\/mariaperfecta.com\\\/#\\\/schema\\\/logo\\\/image\\\/\"}}]}<\/script>\n<!-- \/ Yoast SEO plugin. -->","yoast_head_json":{"title":"AGOTADA Pa\u00f1oleta Ilustrada Universo by Maria Perfecta - Maria Perfecta","description":"Pa\u00f1oleta Ilustrada Universo en sat\u00edn licrado o en chif\u00f3n. Accesorio ideal para ti que amas los colores intensos y los dise\u00f1os llamativos.","robots":{"index":"index","follow":"follow","max-snippet":"max-snippet:-1","max-image-preview":"max-image-preview:large","max-video-preview":"max-video-preview:-1"},"canonical":"https:\/\/mariaperfecta.com\/index.php\/producto\/panoleta-ilustrada-universo-by-maria-perfecta\/","og_locale":"es_ES","og_type":"article","og_title":"AGOTADA Pa\u00f1oleta Ilustrada Universo by Maria Perfecta - Maria Perfecta","og_description":"Pa\u00f1oleta Ilustrada Universo en sat\u00edn licrado o en chif\u00f3n. Accesorio ideal para ti que amas los colores intensos y los dise\u00f1os llamativos.","og_url":"https:\/\/mariaperfecta.com\/index.php\/producto\/panoleta-ilustrada-universo-by-maria-perfecta\/","og_site_name":"Maria Perfecta","article_modified_time":"2026-04-21T15:25:23+00:00","og_image":[{"width":1333,"height":913,"url":"https:\/\/mariaperfecta.com\/wp-content\/uploads\/2023\/07\/Panoleta_Universo_chifon_produccion_MariaPerfecta_Ilustracion.jpg.jpeg","type":"image\/jpeg"}],"twitter_card":"summary_large_image","twitter_misc":{"Tiempo de lectura":"1 minuto"},"schema":{"@context":"https:\/\/schema.org","@graph":[{"@type":"WebPage","@id":"https:\/\/mariaperfecta.com\/index.php\/producto\/panoleta-ilustrada-universo-by-maria-perfecta\/","url":"https:\/\/mariaperfecta.com\/index.php\/producto\/panoleta-ilustrada-universo-by-maria-perfecta\/","name":"AGOTADA Pa\u00f1oleta Ilustrada Universo by Maria Perfecta - Maria Perfecta","isPartOf":{"@id":"https:\/\/mariaperfecta.com\/#website"},"primaryImageOfPage":{"@id":"https:\/\/mariaperfecta.com\/index.php\/producto\/panoleta-ilustrada-universo-by-maria-perfecta\/#primaryimage"},"image":{"@id":"https:\/\/mariaperfecta.com\/index.php\/producto\/panoleta-ilustrada-universo-by-maria-perfecta\/#primaryimage"},"thumbnailUrl":"https:\/\/mariaperfecta.com\/wp-content\/uploads\/2023\/07\/Panoleta_Universo_chifon_produccion_MariaPerfecta_Ilustracion.jpg.jpeg","datePublished":"2024-04-23T14:29:14+00:00","dateModified":"2026-04-21T15:25:23+00:00","description":"Pa\u00f1oleta Ilustrada Universo en sat\u00edn licrado o en chif\u00f3n. Accesorio ideal para ti que amas los colores intensos y los dise\u00f1os llamativos.","breadcrumb":{"@id":"https:\/\/mariaperfecta.com\/index.php\/producto\/panoleta-ilustrada-universo-by-maria-perfecta\/#breadcrumb"},"inLanguage":"es","potentialAction":[{"@type":"ReadAction","target":["https:\/\/mariaperfecta.com\/index.php\/producto\/panoleta-ilustrada-universo-by-maria-perfecta\/"]}]},{"@type":"ImageObject","inLanguage":"es","@id":"https:\/\/mariaperfecta.com\/index.php\/producto\/panoleta-ilustrada-universo-by-maria-perfecta\/#primaryimage","url":"https:\/\/mariaperfecta.com\/wp-content\/uploads\/2023\/07\/Panoleta_Universo_chifon_produccion_MariaPerfecta_Ilustracion.jpg.jpeg","contentUrl":"https:\/\/mariaperfecta.com\/wp-content\/uploads\/2023\/07\/Panoleta_Universo_chifon_produccion_MariaPerfecta_Ilustracion.jpg.jpeg","width":1333,"height":913},{"@type":"BreadcrumbList","@id":"https:\/\/mariaperfecta.com\/index.php\/producto\/panoleta-ilustrada-universo-by-maria-perfecta\/#breadcrumb","itemListElement":[{"@type":"ListItem","position":1,"name":"Portada","item":"https:\/\/mariaperfecta.com\/"},{"@type":"ListItem","position":2,"name":"Tienda","item":"https:\/\/mariaperfecta.com\/index.php\/tienda\/"},{"@type":"ListItem","position":3,"name":"AGOTADA Pa\u00f1oleta Ilustrada Universo by Maria Perfecta"}]},{"@type":"WebSite","@id":"https:\/\/mariaperfecta.com\/#website","url":"https:\/\/mariaperfecta.com\/","name":"Maria Perfecta","description":"","publisher":{"@id":"https:\/\/mariaperfecta.com\/#organization"},"potentialAction":[{"@type":"SearchAction","target":{"@type":"EntryPoint","urlTemplate":"https:\/\/mariaperfecta.com\/?s={search_term_string}"},"query-input":{"@type":"PropertyValueSpecification","valueRequired":true,"valueName":"search_term_string"}}],"inLanguage":"es"},{"@type":"Organization","@id":"https:\/\/mariaperfecta.com\/#organization","name":"Maria Perfecta","url":"https:\/\/mariaperfecta.com\/","logo":{"@type":"ImageObject","inLanguage":"es","@id":"https:\/\/mariaperfecta.com\/#\/schema\/logo\/image\/","url":"https:\/\/mariaperfecta.com\/wp-content\/uploads\/2024\/08\/cropped-LOGO_MP_ABRIL_2024-removebg-preview-1-1.png","contentUrl":"https:\/\/mariaperfecta.com\/wp-content\/uploads\/2024\/08\/cropped-LOGO_MP_ABRIL_2024-removebg-preview-1-1.png","width":500,"height":500,"caption":"Maria Perfecta"},"image":{"@id":"https:\/\/mariaperfecta.com\/#\/schema\/logo\/image\/"}}]}},"_links":{"self":[{"href":"https:\/\/mariaperfecta.com\/index.php\/wp-json\/wp\/v2\/product\/4999","targetHints":{"allow":["GET"]}}],"collection":[{"href":"https:\/\/mariaperfecta.com\/index.php\/wp-json\/wp\/v2\/product"}],"about":[{"href":"https:\/\/mariaperfecta.com\/index.php\/wp-json\/wp\/v2\/types\/product"}],"replies":[{"embeddable":true,"href":"https:\/\/mariaperfecta.com\/index.php\/wp-json\/wp\/v2\/comments?post=4999"}],"wp:featuredmedia":[{"embeddable":true,"href":"https:\/\/mariaperfecta.com\/index.php\/wp-json\/wp\/v2\/media\/2545"}],"wp:attachment":[{"href":"https:\/\/mariaperfecta.com\/index.php\/wp-json\/wp\/v2\/media?parent=4999"}],"wp:term":[{"taxonomy":"product_brand","embeddable":true,"href":"https:\/\/mariaperfecta.com\/index.php\/wp-json\/wp\/v2\/product_brand?post=4999"},{"taxonomy":"product_cat","embeddable":true,"href":"https:\/\/mariaperfecta.com\/index.php\/wp-json\/wp\/v2\/product_cat?post=4999"},{"taxonomy":"product_tag","embeddable":true,"href":"https:\/\/mariaperfecta.com\/index.php\/wp-json\/wp\/v2\/product_tag?post=4999"}],"curies":[{"name":"wp","href":"https:\/\/api.w.org\/{rel}","templated":true}]}}